 is divided by 3945.
16
Calculate the remainder when 1951739 is divided by 650564.
47
What is the remainder when 2875763 is divided by 244?
223
Calculate the remainder when 8157674 is divided by 31.
24
Calculate the remainder when 603818 is divided by 31768.
226
Calculate the remainder when 4838526 is divided by 435.
21
What is the remainder when 26445135 is divided by 102?
3
What is the remainder when 865963 is divided by 2832?
2203
What is the remainder when 294719 is divided by 294559?
160
Calculate the remainder when 3932857 is divided by 126866.
11
What is the remainder when 454882633 is divided by 2967?
2962
Calculate the remainder when 4499662 is divided by 263.
258
Calculate the remainder when 243696 is divided by 1323.
264
What is the remainder when 245930 is divided by 30663?
626
Calculate the remainder when 4461 is divided by 464.
285
Calculate the remainder when 159244 is divided by 22109.
4481
Calculate the remainder when 30479540 is divided by 21.
14
Calculate the remainder when 69302 is divided by 13772.
442
What is the remainder when 556492 is divided by 550?
442
Calculate the remainder when 5786768 is divided by 321487.
2
What is the remainder when 117488460 is divided by 127?
125
What is the remainder when 10358691 is divided by 96?
3
What is the remainder when 1532456 is divided by 510791?
83
Calculate the remainder when 1626274 is divided by 434.
76
Calculate the remainder when 2734857 is divided by 586.
581
Calculate the remainder when 20156 is divided by 64.
60
What is the remainder when 569857 is divided by 96?
1
Calculate the remainder when 3391282 is divided by 1695111.
1060
What is the remainder when 15375153 is divided by 7687568?
17
What is the remainder when 28299 is divided by 8741?
2076
Calculate the remainder when 148346725 is divided by 318.
43
Calculate the remainder when 3882523 is divided by 2448.
2443
What is the remainder when 6242503 is divided by 3121140?
223
Calculate the remainder when 2330935 is divided by 332988.
19
What is the remainder when 6408867 is divided by 2465?
2332
What is the remainder when 898109387 is divided by 5637?
5636
What is the remainder when 270758 is divided by 1320?
158
Calculate the remainder when 2046517 is divided by 3676.
2661
Calculate the remainder when 744442 is divided by 1564.
1542
Calculate the remainder when 410842 is divided by 1347.
7
Calculate the remainder when 34848515 is divided by 14001.
26
What is the remainder when 3008114 is divided by 150?
14
What is the remainder when 53840 is divided by 12771?
2756
What is the remainder when 28397729 is divided by 1012?
1009
What is the remainder when 836969 is divided by 41?
36
Calculate the remainder when 13338722 is divided by 4389.
551
What is the remainder when 17457331 is divided by 17?
14
Calculate the remainder when 1075664 is divided by 26226.
398
Calculate the remainder when 169449 is divided by 169425.
24
What is the remainder when 81862025 is divided by 2845?
2840
What is the remainder when 26153470 is divided by 934048?
126
Calculate the remainder when 505788 is divided by 2230.
1808
What is the remainder when 34342 is divided by 16851?
640
Calculate the remainder when 473520 is divided by 183.
99
What is the remainder when 10439320 is divided by 3361?
54
Calculate the remainder when 10580063 is divided by 90.
23
Calculate the remainder when 950949 is divided by 1119.
918
Calculate the remainder when 520541455 is divided by 16.
15
What is the remainder when 5377750 is divided by 2316?
2314
What is the remainder when 34439729 is divided by 397?
376
What is the remainder when 15692671 is divided by 20?
11
What is the remainder when 174544 is divided by 2605?
9
What is the remainder when 7137 is divided by 3977?
3160
Calculate the remainder when 74975310 is divided by 82.
4
Calculate the remainder when 1486960 is divided by 1182.
4
Calculate the remainder when 6467111 is divided by 50.
11
Calculate the remainder when 2580597 is divided by 44.
41
What is the remainder when 11509467 is divided by 11509444?
23
Calculate the remainder when 678926 is divided by 284.
166
Calculate the remainder when 629691 is divided by 612.
555
What is the remainder when 1047397 is divided by 24?
13
Calculate the remainder when 2392755 is divided by 37980.
15
What is the remainder when 20255 is divided by 19984?
271
What is the remainder when 40605 is divided by 1707?
1344
What is the remainder when 8347515 is divided by 1597?
1593
Calculate the remainder when 1473317 is divided by 49.
34
What is the remainder when 6500848 is divided by 5653?
5551
What is the remainder when 840771 is divided by 1997?
34
Calculate the remainder when 28207 is divided by 8198.
3613
Calculate the remainder when 24560 is divided by 3137.
2601
Calculate the remainder when 2935265 is divided by 90.
5
Calculate the remainder when 629510 is divided by 314748.
14
Calculate the remainder when 115284 is divided by 169.
26
What is the remainder when 6092381 is divided by 264886?
3
What is the remainder when 5459 is divided by 80?
19
Calculate the remainder when 17376 is divided by 200.
176
What is the remainder when 1815299 is divided by 9?
8
What is the remainder when 5962963 is divided by 35?
13
Calculate the remainder when 67826938 is divided by 34783.
88
Calculate the remainder when 6264793 is divided by 799.
633
What is the remainder when 1195093 is divided by 4102?
1411
Calculate the remainder when 156628594 is divided by 2677.
1
What is the remainder when 158488 is divided by 834?
28
What is the remainder when 119181938 is divided by 43?
42
Calculate the remainder when 19125 is divided by 7568.
3989
Calculate the remainder when 223571 is divided by 1418.
945
Calculate the remainder when 31417645 is divided by 577.
572
What is the remainder when 1032441 is divided by 3720?
2001
What is the remainder when 3256449 is divided by 1628223?
3
What is the remainder when 259943 is divided by 1148?
495
What is the remainder when 1573083 is divided by 523064?
3891
What is the remainder when 35698275 is divided by 321606?
9
What is the remainder when 315346443 is divided by 16?
11
What is the remainder when 26790798 is divided by 381?
21
What is the remainder when 185538 is divided by 2237?
2104
Calculate the remainder when 3951918 is divided by 47.
17
Calculate the remainder when 10563682 is divided by 555981.
43
Calculate the remainder when 811686 is divided by 162269.
341
What is the remainder when 101868 is divided by 23325?
8568
Calculate the remainder when 44717422 is divided by 265.
262
Calculate the remainder when 4846884 is divided by 142.
140
Calculate the remainder when 5531332 is divided by 188.
184
Calculate the remainder when 7368 is divided by 5268.
2100
What is the remainder when 1535763 is divided by 6947?
476
Calculate the remainder when 290392 is divided by 442.
440
What is the remainder when 68820 is divided by 119?
38
What is the remainder when 158304341 is divided by 173?
172
What is the remainder when 217850 is divided by 419?
389
Calculate the remainder when 317834 is divided by 3133.
1401
Calculate the remainder when 2174789 is divided by 2174703.
86
What is the remainder when 8103207 is divided by 1171?
1058
What is the remainder when 4394459 is divided by 21?
20
What is the remainder when 1279225 is divided by 116293?
2
Calculate the remainder when 3773123 is divided by 3387.
5
What is the remainder when 16710260 is divided by 263?
29
What is the remainder when 80641 is divided by 6691?
349
What is the remainder when 31908 is divided by 1667?
235
What is the remainder when 4349631 is divided by 157?
103
Calculate the remainder when 284492 is divided by 142191.
110
Calculate the remainder when 74065 is divided by 2056.
49
Calculate the remainder when 4010880 is divided by 536.
528
Calculate the remainder when 6599009 is divided by 75.
59
Calculate the remainder when 28647449 is divided by 842572.
1
What is the remainder when 46481313 is divided by 11620326?
9
Calculate the remainder when 628613 is divided by 14960.
293
What is the remainder when 18410182 is divided by 239093?
21
Calculate the remainder when 443975 is divided by 274.
95
Calculate the remainder when 1376178 is divided by 55047.
3
Calculate the remainder when 1579454 is di